y(-6). Suppose -v*s = -0*r + 5*r + 10, -2*r - 6 = 0. Let h(q) = 4*q - 1. Give h(s).
3
Let y(v) = 6*v**2 + 9*v + 5. Let a(s) = -5*s**2 - 9*s - 4. Let b be (-22)/5 - 16/(-40). Let i(t) = b*y(t) - 5*a(t). Determine i(-8).
-8
Let p be 3/(-6)*-2 + 3. Let i = -61 + 91. Let o be i/4*p/6. Let u(j) = -j + 2. Calculate u(o).
-3
Let g(c) = c + 11 + 12 - 19. Calculate g(-7).
-3
Let l(b) = -b**2 - b - 1. Let m(s) be the third derivative of -7*s**5/60 + s**4/12 - 11*s**3/6 + 15*s**2. Let n(h) = 6*l(h) - m(h). What is n(6)?
-7
Let z = 1813 - 1811. Let o(c) be the third derivative of -c**6/120 + c**5/30 - c**2. Calculate o(z).
0
Let b(v) = 11*v**3 - 2*v**2 - 8*v + 4. Let r(z) = 20*z**3 - 4*z**2 - 15*z + 7. Let h(x) = -11*b(x) + 6*r(x). What is h(-2)?
2
Let n(c) be the first derivative of -c**2 - 8*c + 134. Calculate n(0).
-8
Let k(n) = -5*n**2 - 2*n + 14. Let a(w) = -6*w**2 + 14. Let j(i) = 4*a(i) - 5*k(i). Determine j(-10).
-14
Let t(r) = -2*r + 2*r + 4 + 2*r. Suppose 0 = 21*p + 363 - 258. What is t(p)?
-6
Suppose -34*z - u + 14 = -29*z, 0 = -4*z + 5*u - 12. Let g(f) = -f + 6. Determine g(z).
4
Let i(m) = m**2 + 7*m - 4. Suppose -5*t - 171 = -136. Determine i(t).
-4
Let y(c) = c - 2. Let b be y(6). Let w(m) = m**3 - 4*m**2 + 3*m - 6. Let j be w(b). Let x(q) = q**2 - q - 3. Let z(r) = -r. Let h(k) = x(k) + 5*z(k). Give h(j).
-3
Let h(t) = -t**3 - 5*t**2 + 8*t + 1. Let x(c) = c**3 + 6*c**2 - 10*c. Let d(q) = -5*h(q) - 4*x(q). Determine d(0).
-5
Let f = -263 + 256. Let j(p) = -p - 4. Determine j(f).
3
Let v(a) = -5*a + 37. Let k(t) = -36*t + 249. Let u(r) = 2*k(r) - 15*v(r). Give u(20).
3
Let s(y) = y**3 - 6*y**2 - 9*y + 9. Let q be (-21452)/(-3100) + (-4)/(-50). Determine s(q).
-5
Let v(w) = 3*w**3 - w**2 + w. Suppose 0 = -0*u - 3*u - 30. Let r(g) = 6*g + 25. Let b(j) = 5*j + 24. Let a(t) = 4*b(t) - 3*r(t). Let z be a(u). Determine v(z).
3
Let k(s) = 3 - 6*s**2 + 13*s**2 - 2. Let q(a) = 4*a**2 + 24*a - 33. Let z(v) = v**2 + 8*v - 11. Let m(y) = -2*q(y) + 7*z(y). Let l be m(6). What is k(l)?
8
Let z(p) = -p**3 + 10*p**2 - 6*p - 22. Let m be z(9). Let v(i) = i. Let y(r) = -6*r + 4. Let a(g) = m*v(g) + y(g). Give a(-6).
10
Let z = 17 - 14. Let t(n) = 3*n + 5 - n**z - 1 + 2 + 3 - 6*n**2. What is t(-6)?
-9
Suppose 11 - 2 = -3*b. Let n(k) = k**3 + 3*k**2 + 2*k - 2. What is n(b)?
-8
Let o(i) = -i**3 + 6*i**2 - 5*i. Suppose 18*b + 30 = 24*b. Determine o(b).
0
Let y(n) = -n**3 + 10*n**2 - 9*n + 13. Let x be y(9). Suppose -4*d + h = -x, -5*d + 0*d = 2*h. Let m(p) = 3*p + 0*p - p + 1. Give m(d).
5
Let z(s) = -3 - s**2 - 3*s + 0*s + s + 6*s. What is z(4)?
-3
Let r(f) be the third derivative of f**5/20 - f**4/3 + f**3/3 - 4*f**2 - 6*f. Determine r(3).
5
Let n(r) = 2*r**2 + 3*r + 1. Let h(m) = m**2 - 2*m - 18. Let b be h(5). Calculate n(b).
10
Let h(f) = -f**2 + 35 + f + 17 + 30 - 80. Let v be -5*-2*2/10. Suppose z + v = 5. Determine h(z).
-4
Suppose 30 = 2*r - 3*h - 2*h, 0 = 4*r - h - 42. Let w(b) = -b**3 + 10*b**2 - b - 8. What is w(r)?
-18
Let y(q) be the second derivative of -3*q**5/5 + q**4/6 + q**3/2 + q**2 + 158*q. Calculate y(-1).
13
Let u = 673 - 673. Let i(b) = b**3 - b - 1. Give i(u).
-1
Let a(m) = -3*m**2 + 1. Let p(y) = -7*y**3 - 16*y**2 + y + 6. Let z(q) = 5*a(q) - p(q). Calculate z(-1).
-6
Let x(p) = 2*p + 23. Let y be -52*6/12*(-3)/(-6). Give x(y).
-3
Let z(i) = -i**2 + i + 14. Let j(o) = -4*o**2 + o + 64. Let n(c) = j(c) - 5*z(c). Calculate n(-3).
15
Let t(s) = -106*s**2 + 58*s**2 + 49*s**2 + 5 + s. Let w be 4/(-2) + (1 - (-3)/(-1)). Calculate t(w).
17
Let g(q) be the first derivative of -5*q**4 - 2*q**3/3 - q**2/2 + 4*q - 21. Let z(r) = -40*r**3 - 5*r**2 - 2*r + 9. Let t(d) = 9*g(d) - 4*z(d). What is t(1)?
-19
Let i(r) be the third derivative of -r**5/20 - r**3/6 - 2*r**2. Suppose -137 = 5*a + 48. Let c = -35 - a. Give i(c).
-13
Let v(r) = -13*r + 72. Let j be v(5). Let s(n) = n**3 + 4*n**2 + 7*n. Let x(h) = -2*h**3 - 3*h**2 - 7*h - 1. Let d(o) = -3*s(o) - 2*x(o). Determine d(j).
2
Suppose 0 = 48*t - 3*t + 45. Let l(b) = b + 2. Determine l(t).
1
Let d be (-6)/(-4)*(-5 - 57/(-9)). Let n(i) = -3*i**2 + 2*i - 1. Determine n(d).
-9
Let q(i) be the second derivative of i**5/20 - i**4/12 + i**3/6 - 3*i**2 - 2*i. Let t(x) = -x**2 + 26*x + 56. Let k be t(28). Calculate q(k).
-6
Let q(f) be the second derivative of -f**4/6 + 2*f**3/3 + 196*f. Determine q(5).
-30
Suppose -49*x + 42*x = -42. Let h(y) = -y**3 + 6*y**2 - 2*y + 1. What is h(x)?
-11
Let w be -10 + 17 + 0 + -1. Let t(r) = -3*r - w + 10*r + 15*r**2 - 17*r**2 + r. Calculate t(5).
-16
Let o(i) = -2*i**2 + 5*i**2 - i**3 + 5*i + i**2 - 5. Suppose 5*l - 2*a - 33 = 0, -2*l = -6*l - 5*a. Determine o(l).
-5
Suppose 3*h - 3*n + 6 = 0, 5*h + 4*n + 37 - 9 = 0. Let l(r) be the third derivative of r**5/60 + r**4/4 + r**3/6 + 22*r**2 + 2*r - 35. What is l(h)?
-7
Let q(b) = -3*b**3 - 2*b**2 - 4*b - 4. Let l(a) = a**3 - a**2 + a + 1. Let k(f) = 4*l(f) + q(f). Give k(6).
0
Let h(k) = k**3 - k - 5. Let c(q) = -2*q**2 + q**3 - q**2 + 0*q**3 + 4*q - 2*q**2. Let p be c(4). Give h(p).
-5
Let i(g) = g**2. Let t be i(0). Let f(p) = -p - 1. Determine f(t).
-1
Let c(k) be the first derivative of -k - 1/2*k**2 + 5 - 1/3*k**3 + 1/4*k**4. Determine c(0).
-1
Let a(s) = -s**3 + 52*s**2 + 54*s - 49. Let u be a(53). Let w(m) = m**3 - 5*m**2 + m + 9. Determine w(u).
-3
Let r be 8*2/(-4) + 6. Suppose 0 = -3*d + r*j + 7, d - 6 = -4*j + j. Let v(b) be the third derivative of -b**5/60 + b**4/6 + b**3/6 + b**2. Give v(d).
4
Let d(x) = 26 + 1 - 28 + 3 - x. Calculate d(-5).
7
Let m(q) = 3*q - 11. Let x be m(5). Suppose x*a = a + 12. Let t(v) be the third derivative of -v**5/60 + v**4/6 - v**3/6 + 4*v**2. Determine t(a).
-1
Suppose 0*k + 4*b - 11 = -k, -3*b + 22 = -2*k. Let h(z) = z**3 + 5*z**2 - 3*z + 7. Determine h(k).
22
Let i(g) = -g**3 - 8*g**2 + 13*g + 28. Let r be i(-9). Let y(x) = x**3 + 7*x**2 - 7*x - 10. Calculate y(r).
-18
Let z(w) = w + 14. Let r(i) = i + 14. Let h(t) = -4*r(t) + 3*z(t). Give h(-6).
-8
Let n(h) = 5*h**3 - 39*h - 17*h**2 - 5*h**3 + h**3 + 15. Let v be n(19). Let i(u) = u**3 + 3*u**2 - 3*u + 2. Give i(v).
-2
Let p be -49 - (12/(-28) + (-10)/(-7)). Let z = 55 + p. Let c(q) = q**2 - 4*q - 1. Calculate c(z).
4
Let h(u) be the second derivative of u**3/3 - 3*u**2/2 - 17*u + 1. Calculate h(-2).
-7
Let h(a) = -a**2 - 10*a. Suppose 2*b + 26 = 5*x - 17, -5*b + 4*x - 65 = 0. Determine h(b).
9
Let p(v) be the first derivative of -5*v**4/2 - 2*v**3/3 + v**2 - v + 7. Let d(t) = -t**2 - 2*t - 1. Let i be d(-4). Let z = 10 + i. Calculate p(z).
-11
Let n(k) = -k**2 + 5*k - 4. Let c be n(3). Let h(s) be the third derivative of -s**5/60 - s**4/8 + s**3/2 + 4*s**2 - 20. What is h(c)?
-7
Suppose -9*d = -7*d. Let x(h) = h**3 - h**2 - 6. What is x(d)?
-6
Suppose -5*r = c + 25, 9*c - 25 = 5*r + 4*c. Let d(l) = -3*l + 5. Let o(a) = -7*a + 4. Let v(h) = -3*d(h) + 2*o(h). Determine v(r).
18
Let y(k) be the second derivative of -7*k**6/720 + k**5/120 + k**4/3 - 2*k. Let l(u) be the third derivative of y(u). Suppose 2*o = -23 + 25. What is l(o)?
-6
Suppose -5*b + v - 5*v + 58 = 0, 2*v + 6 = b. Let t(i) be the third derivative of i**4/24 - i**3/2 - 372*i**2. Calculate t(b).
7
Let y(a) = a**3 + 6*a**2 - 11*a - 22. Let q be (-7)/(-2)*(8 - 10). Determine y(q).
6
Let n(q) = -2*q. Suppose -u + 9 = -4*u, -o + 5*u + 14 = 0. Let k be -12 + 14 + (o - 0). What is n(k)?
-2
Let m(c) = 6*c + 17*c + 3*c**2 + 4 - 21*c. Determine m(-3).
25
Let c(v) = -v - 10. Let u be 16/(-32) + 26/(-4). Give c(u).
-3
Let z(w) = 9*w**2 - 3*w - 1. Let i(h) = -2*h**2 + 134*h - 383. Let s be i(64). What is z(s)?
5
Suppose -2*c + 84 = 3*k, 3*c + 0*k - 125 = -4*k. Let g(w) = -c*w + w**2 + 43*w - 5 - 2. Let o = 6 + -11. Give g(o).
-2
Let n(u) = -3*u**3 - 22 + 2*u**3 + 30 - 8*u**2. Give n(-8).
8
Let t(c) = 16*c + 12*c - 39*c + 16 + 14*c. Give t(-7).
-5
Let j be 2 - 1/1 - 6. Let a(d) be the first derivative of -d**3/3 - 5*d**2/2 + 66*d + 48. Let x(i) be the first derivative of a(i). Calculate x(j).
5
Let r(d) = -7*d**2 + 5*d + 5. Let z(g) = 22*g**2 - 16*g - 16. Let q(c) = 16*r(c) + 5*z(c). Let f be (-85)/(-51) + (-2)/3. What is q(f)?
-2
Let g(l) be the third derivative of -l**6/120 - 2*l**5/15 - l**4/4 + 5*l**3/6 + 7*l**2 - 21*l. Give g(-6).
-31
Suppose 0 = -h + 5*h - 4*j, 2*j = 3*h 